er when 7082 is divided by 36.
26
Calculate the remainder when 5774 is divided by 21.
20
What is the remainder when 1504182 is divided by 862?
854
What is the remainder when 5689 is divided by 1890?
19
What is the remainder when 41190 is divided by 287?
149
What is the remainder when 2102 is divided by 989?
124
Calculate the remainder when 32203 is divided by 264.
259
What is the remainder when 419 is divided by 199?
21
What is the remainder when 6302 is divided by 3124?
54
What is the remainder when 13651 is divided by 66?
55
What is the remainder when 23991910 is divided by 789?
787
Calculate the remainder when 28884 is divided by 143.
141
Calculate the remainder when 21317 is divided by 69.
65
What is the remainder when 10290 is divided by 103?
93
What is the remainder when 4116 is divided by 1026?
12
What is the remainder when 7610 is divided by 2470?
200
What is the remainder when 474316 is divided by 110?
106
Calculate the remainder when 1189615 is divided by 396534.
13
Calculate the remainder when 3313 is divided by 8.
1
What is the remainder when 8825 is divided by 2371?
1712
What is the remainder when 6697 is divided by 307?
250
What is the remainder when 377802 is divided by 125904?
90
What is the remainder when 2212437 is divided by 8?
5
What is the remainder when 1141122 is divided by 51?
48
What is the remainder when 10090 is divided by 345?
85
What is the remainder when 37504 is divided by 3750?
4
What is the remainder when 10417 is divided by 281?
20
Calculate the remainder when 2422723 is divided by 1211358.
7
What is the remainder when 71221 is divided by 371?
360
What is the remainder when 1365011 is divided by 12?
11
Calculate the remainder when 4318529 is divided by 15.
14
Calculate the remainder when 2404 is divided by 347.
322
What is the remainder when 639632 is divided by 106603?
14
Calculate the remainder when 14164 is divided by 319.
128
What is the remainder when 23742 is divided by 62?
58
What is the remainder when 70497 is divided by 47?
44
Calculate the remainder when 87903 is divided by 9767.
0
What is the remainder when 1315 is divided by 297?
127
Calculate the remainder when 42423 is divided by 47.
29
What is the remainder when 700523 is divided by 319?
318
Calculate the remainder when 11403 is divided by 422.
9
Calculate the remainder when 27392 is divided by 2716.
232
What is the remainder when 21861 is divided by 2158?
281
Calculate the remainder when 296139 is divided by 272.
203
What is the remainder when 834779 is divided by 278259?
2
Calculate the remainder when 39407 is divided by 9844.
31
Calculate the remainder when 62021 is divided by 8.
5
What is the remainder when 3089 is divided by 116?
73
What is the remainder when 16405 is divided by 2050?
5
Calculate the remainder when 20918 is divided by 12.
2
What is the remainder when 1338215 is divided by 446069?
8
What is the remainder when 1984 is divided by 84?
52
What is the remainder when 13106 is divided by 3261?
62
Calculate the remainder when 3408 is divided by 850.
8
Calculate the remainder when 14875 is divided by 9.
7
Calculate the remainder when 5816 is divided by 2696.
424
Calculate the remainder when 1540 is divided by 258.
250
Calculate the remainder when 2984 is divided by 185.
24
What is the remainder when 9189 is divided by 44?
37
Calculate the remainder when 19385 is divided by 6459.
8
What is the remainder when 7069 is divided by 134?
101
Calculate the remainder when 2022 is divided by 538.
408
Calculate the remainder when 1397072 is divided by 235.
232
Calculate the remainder when 2476 is divided by 55.
1
Calculate the remainder when 2376 is divided by 717.
225
Calculate the remainder when 16882 is divided by 205.
72
Calculate the remainder when 792 is divided by 260.
12
Calculate the remainder when 331 is divided by 241.
90
Calculate the remainder when 54809 is divided by 200.
9
What is the remainder when 6783 is divided by 12?
3
Calculate the remainder when 2787 is divided by 200.
187
What is the remainder when 788489 is divided by 13?
0
What is the remainder when 135867 is divided by 15091?
48
What is the remainder when 17652 is divided by 146?
132
What is the remainder when 1166 is divided by 221?
61
What is the remainder when 2269055 is divided by 57?
56
Calculate the remainder when 15331 is divided by 446.
167
What is the remainder when 4046 is divided by 124?
78
What is the remainder when 8798 is divided by 68?
26
What is the remainder when 2525 is divided by 508?
493
What is the remainder when 2210 is divided by 79?
77
What is the remainder when 3868 is divided by 1933?
2
What is the remainder when 10579 is divided by 2164?
1923
Calculate the remainder when 6371 is divided by 1973.
452
Calculate the remainder when 315 is divided by 104.
3
Calculate the remainder when 33039 is divided by 2055.
159
What is the remainder when 56860 is divided by 54?
52
What is the remainder when 14941 is divided by 300?
241
What is the remainder when 2846 is divided by 758?
572
Calculate the remainder when 289982 is divided by 39.
17
What is the remainder when 383406 is divided by 127802?
0
What is the remainder when 15056 is divided by 96?
80
Calculate the remainder when 202361 is divided by 62.
55
Calculate the remainder when 2330910 is divided by 11.
10
What is the remainder when 798 is divided by 368?
62
What is the remainder when 1483069 is divided by 43?
42
What is the remainder when 189733 is divided by 91?
89
What is the remainder when 4298 is divided by 251?
31
Calculate the remainder when 6340 is divided by 405.
265
Calculate the remainder when 5031 is divided by 1003.
16
What is the remainder when 437177 is divided by 844?
829
What is the remainder when 14808 is divided by 14709?
99
Calculate the remainder when 11394 is divided by 453.
69
What is the remainder when 2483 is divided by 9?
8
What is the remainder when 57636 is divided by 46?
44
Calculate the remainder when 4923 is divided by 190.
173
Calculate the remainder when 131258 is divided by 16.
10
Calculate the remainder when 13155 is divided by 87.
18
What is the remainder when 10367 is divided by 10347?
20
Calculate the remainder when 188270 is divided by 352.
302
What is the remainder when 132447 is divided by 6621?
27
What is the remainder when 51357 is divided by 110?
97
What is the remainder when 161175 is divided by 438?
429
What is the remainder when 144644 is divided by 79?
74
What is the remainder when 4153 is divided by 4080?
73
What is the remainder when 6253 is divided by 46?
43
What is the remainder when 63642 is divided by 242?
238
What is the remainder when 36268 is divided by 317?
130
What is the remainder when 7389 is divided by 1605?
969
What is the remainder when 18642 is divided by 50?
42
What is the remainder when 50361 is divided by 699?
33
What is the remainder when 563 is divided by 57?
50
What is the remainder when 31449 is divided by 4414?
551
What is the remainder when 405993 is divided by 79?
12
What is the remainder when 16007 is divided by 2286?
5
What is the remainder when 1304 is divided by 35?
9
Calculate the remainder when 8984 is divided by 689.
27
What is the remainder when 32987 is divided by 532?
3
Calculate the remainder when 48818 is divided by 871.
42
Calculate the remainder when 18048 is divided by 244.
236
Calculate the remainder when 825 is divided by 270.
15
What is the remainder when 3334301 is divided by 2609?
2608
What is the remainder when 14055 is divided by 20?
15
What is the remainder when 107903 is divided by 35?
33
What is the remainder when 127909 is divided by 42626?
31
What is the remainder when 55912 is divided by 391?
390
What is the remainder when 3632 is divided by 3559?
73
What is the remainder when 10032 is divided by 68?
36
Calculate the remainder when 492312 is divided by 16.
8
What is the remainder when 2746 is divided by 222?
82
What is the remainder when 7824 is divided by 1868?
352
Calculate the remainder when 36995 is divided by 6163.
17
Calculate the remainder when 27463 is divided by 289.
8
Calculate the remainder when 52860 is divided by 12.
0
Calculate the remainder when 465 is divided by 202.
61
Calculate the remainder when 37558 is divided by 148.
114
What is the remainder when 91081 is divided by 364